{"id":2279,"date":"2020-11-26T22:00:29","date_gmt":"2020-11-27T01:00:29","guid":{"rendered":"http:\/\/www.redis.cl\/?page_id=2279"},"modified":"2022-07-06T01:00:16","modified_gmt":"2022-07-06T05:00:16","slug":"mision-y-vision","status":"publish","type":"page","link":"https:\/\/www.redis.cl\/index.php\/mision-y-vision\/","title":{"rendered":"Misi\u00f3n y visi\u00f3n"},"content":{"rendered":"\n<p class=\"has-medium-font-size\"><strong>Misi\u00f3n<\/strong><\/p>\n\n\n\n<p>Somos una Red de Escuelas de Dise\u00f1o de universidades adscritas al CRUCH cuyo prop\u00f3sito es fortalecer con equidad la formaci\u00f3n universitaria en dise\u00f1o y su vinculaci\u00f3n con la agenda de desarrollo del pa\u00eds:<\/p>\n\n\n\n<ul class=\"wp-block-list\"><li>generando condiciones de movilidad y de participaci\u00f3n de sus acad\u00e9micos y estudiantes en actividades de docencia, investigaci\u00f3n y promoci\u00f3n del Dise\u00f1o,<\/li><li>definiendo un perfil universitario de validez nacional.<\/li><\/ul>\n\n\n\n<div style=\"height:48px\" aria-hidden=\"true\" class=\"wp-block-spacer\"><\/div>\n\n\n\n<p class=\"has-medium-font-size\"><strong>Visi\u00f3n<\/strong><\/p>\n\n\n\n<p>Visionamos una Red de Escuelas de Dise\u00f1o del CRUCH liderando como conjunto la ense\u00f1anza del Dise\u00f1o de categor\u00eda universitaria en el pa\u00eds y su vinculaci\u00f3n con el entorno, sobre la base de la suma de experiencias de sus integrantes y la generaci\u00f3n de conocimientos y actividades de promoci\u00f3n del Dise\u00f1o en alianza.<\/p>\n\n\n\n<p>La <strong>REDIS <\/strong>se concibe como la suma de esfuerzos de las instituciones participantes para estimular la calidad de la ense\u00f1anza responsable en dise\u00f1o y la producci\u00f3n disciplinar en investigaci\u00f3n y teor\u00eda del dise\u00f1o. Producto del perfeccionamiento sistem\u00e1tico de los acad\u00e9micos de la RED a trav\u00e9s de los a\u00f1os, la REDIS cuenta tanto con la madurez acad\u00e9mica como con la masa cr\u00edtica de docentes capacitados para atender las demandas del Chile del siglo 21.\u00a0<\/p>\n\n\n\n<p>El posicionamiento de la disciplina del Dise\u00f1o como actividad relevante e incidente en el desarrollo de la naci\u00f3n ofrece auspiciosas expectativas para el desarrollo de \u00e1reas prioritarias como educaci\u00f3n, cultura, salud, industria, servicios, exportaciones y turismo, entre muchas otras. A trav\u00e9s de la formaci\u00f3n profesional, la REDIS contribuye sostenidamente al desarrollo del pa\u00eds, educando a sus estudiantes para ser profesionales<\/p>\n","protected":false},"excerpt":{"rendered":"<p>Misi\u00f3n Somos una Red de Escuelas de Dise\u00f1o de universidades adscritas al CRUCH cuyo prop\u00f3sito es fortalecer con equidad la formaci\u00f3n universitaria en dise\u00f1o y su vinculaci\u00f3n con la agenda de desarrollo del pa\u00eds: generando condiciones de movilidad y de participaci\u00f3n de sus acad\u00e9micos y estudiantes en actividades de docencia, investigaci\u00f3n y promoci\u00f3n del Dise\u00f1o, [&hellip;]<\/p>\n","protected":false},"author":1,"featured_media":0,"parent":0,"menu_order":0,"comment_status":"closed","ping_status":"closed","template":"","meta":{"_acf_changed":false,"footnotes":""},"class_list":["post-2279","page","type-page","status-publish","hentry"],"acf":[],"_links":{"self":[{"href":"https:\/\/www.redis.cl\/index.php\/wp-json\/wp\/v2\/pages\/2279","targetHints":{"allow":["GET"]}}],"collection":[{"href":"https:\/\/www.redis.cl\/index.php\/wp-json\/wp\/v2\/pages"}],"about":[{"href":"https:\/\/www.redis.cl\/index.php\/wp-json\/wp\/v2\/types\/page"}],"author":[{"embeddable":true,"href":"https:\/\/www.redis.cl\/index.php\/wp-json\/wp\/v2\/users\/1"}],"replies":[{"embeddable":true,"href":"https:\/\/www.redis.cl\/index.php\/wp-json\/wp\/v2\/comments?post=2279"}],"version-history":[{"count":6,"href":"https:\/\/www.redis.cl\/index.php\/wp-json\/wp\/v2\/pages\/2279\/revisions"}],"predecessor-version":[{"id":3252,"href":"https:\/\/www.redis.cl\/index.php\/wp-json\/wp\/v2\/pages\/2279\/revisions\/3252"}],"wp:attachment":[{"href":"https:\/\/www.redis.cl\/index.php\/wp-json\/wp\/v2\/media?parent=2279"}],"curies":[{"name":"wp","href":"https:\/\/api.w.org\/{rel}","templated":true}]}}