{"id":2458,"date":"2020-11-27T03:34:14","date_gmt":"2020-11-27T06:34:14","guid":{"rendered":"http:\/\/www.redis.cl\/?page_id=2458"},"modified":"2022-07-05T17:22:08","modified_gmt":"2022-07-05T21:22:08","slug":"proyectos-redis","status":"publish","type":"page","link":"https:\/\/www.redis.cl\/index.php\/proyectos-redis\/","title":{"rendered":"Proyectos"},"content":{"rendered":"\t\t<div data-elementor-type=\"section\" data-elementor-id=\"3039\" class=\"elementor elementor-3039\" data-elementor-post-type=\"elementor_library\">\n\t\t\t\t\t<section class=\"elementor-section elementor-top-section elementor-element elementor-element-3f6e4bef elementor-section-boxed elementor-section-height-default elementor-section-height-default\" data-id=\"3f6e4bef\" data-element_type=\"section\">\n\t\t\t\t\t\t<div class=\"elementor-container elementor-column-gap-default\">\n\t\t\t\t\t<div class=\"elementor-column elementor-col-100 elementor-top-column elementor-element elementor-element-1772c859\" data-id=\"1772c859\" data-element_type=\"column\">\n\t\t\t<div class=\"elementor-widget-wrap elementor-element-populated\">\n\t\t\t\t\t\t<div class=\"elementor-element elementor-element-226aa5d5 elementor-widget elementor-widget-jet-listing-grid\" data-id=\"226aa5d5\" data-element_type=\"widget\" data-settings=\"{&quot;columns&quot;:&quot;1&quot;}\" data-widget_type=\"jet-listing-grid.default\">\n\t\t\t\t<div class=\"elementor-widget-container\">\n\t\t\t<div class=\"jet-listing-grid jet-listing\"><div class=\"jet-listing-grid__items grid-col-desk-1 grid-col-tablet-1 grid-col-mobile-1 jet-listing-grid--2528\"  data-nav=\"{&quot;enabled&quot;:false,&quot;type&quot;:null,&quot;more_el&quot;:null,&quot;query&quot;:[],&quot;widget_settings&quot;:{&quot;lisitng_id&quot;:2528,&quot;posts_num&quot;:1,&quot;columns&quot;:1,&quot;columns_tablet&quot;:1,&quot;columns_mobile&quot;:1,&quot;is_archive_template&quot;:&quot;&quot;,&quot;post_status&quot;:[&quot;publish&quot;],&quot;use_random_posts_num&quot;:&quot;&quot;,&quot;max_posts_num&quot;:9,&quot;not_found_message&quot;:&quot;No se encuentra informaci\\u00f3n.&quot;,&quot;is_masonry&quot;:false,&quot;equal_columns_height&quot;:&quot;&quot;,&quot;use_load_more&quot;:&quot;&quot;,&quot;load_more_id&quot;:&quot;&quot;,&quot;load_more_type&quot;:&quot;click&quot;,&quot;load_more_offset&quot;:{&quot;unit&quot;:&quot;px&quot;,&quot;size&quot;:0,&quot;sizes&quot;:[]},&quot;use_custom_post_types&quot;:&quot;&quot;,&quot;custom_post_types&quot;:[],&quot;hide_widget_if&quot;:&quot;&quot;,&quot;carousel_enabled&quot;:&quot;&quot;,&quot;slides_to_scroll&quot;:&quot;1&quot;,&quot;arrows&quot;:&quot;true&quot;,&quot;arrow_icon&quot;:&quot;fa fa-angle-left&quot;,&quot;dots&quot;:&quot;&quot;,&quot;autoplay&quot;:&quot;true&quot;,&quot;autoplay_speed&quot;:5000,&quot;infinite&quot;:&quot;true&quot;,&quot;center_mode&quot;:&quot;&quot;,&quot;effect&quot;:&quot;slide&quot;,&quot;speed&quot;:500,&quot;inject_alternative_items&quot;:&quot;&quot;,&quot;injection_items&quot;:[],&quot;scroll_slider_enabled&quot;:&quot;&quot;,&quot;scroll_slider_on&quot;:[&quot;desktop&quot;,&quot;tablet&quot;,&quot;mobile&quot;],&quot;custom_query&quot;:false,&quot;custom_query_id&quot;:&quot;&quot;,&quot;_element_id&quot;:&quot;&quot;}}\" data-page=\"1\" data-pages=\"1\" data-listing-source=\"posts\" data-listing-id=\"2528\" data-query-id=\"\"><style>.elementor-2528 .elementor-element.elementor-element-835f69b{--display:flex;--flex-direction:row;--container-widget-width:calc( ( 1 - var( --container-widget-flex-grow ) ) * 100% );--container-widget-height:100%;--container-widget-flex-grow:1;--container-widget-align-self:stretch;--flex-wrap-mobile:wrap;--align-items:stretch;--gap:10px 10px;--background-transition:0.3s;--border-radius:10px 10px 10px 10px;--padding-top:15px;--padding-bottom:15px;--padding-left:15px;--padding-right:15px;}.elementor-2528 .elementor-element.elementor-element-835f69b:hover{background-color:#F9F9F9;}.elementor-2528 .elementor-element.elementor-element-530f93d{--display:flex;--gap:0px 0px;--background-transition:0.3s;--padding-top:2px;--padding-bottom:2px;--padding-left:2px;--padding-right:2px;}.elementor-widget-icon-box.elementor-view-stacked .elementor-icon{background-color:var( --e-global-color-primary );}.elementor-widget-icon-box.elementor-view-framed .elementor-icon, .elementor-widget-icon-box.elementor-view-default .elementor-icon{fill:var( --e-global-color-primary );color:var( --e-global-color-primary );border-color:var( --e-global-color-primary );}.elementor-widget-icon-box .elementor-icon-box-title{color:var( --e-global-color-primary );}.elementor-widget-icon-box .elementor-icon-box-title, .elementor-widget-icon-box .elementor-icon-box-title a{font-family:var( --e-global-typography-primary-font-family ), Sans-serif;font-weight:var( --e-global-typography-primary-font-weight );}.elementor-widget-icon-box .elementor-icon-box-description{color:var( --e-global-color-text );font-family:var( --e-global-typography-text-font-family ), Sans-serif;}.elementor-2528 .elementor-element.elementor-element-808e134 .elementor-icon-box-wrapper{text-align:left;}.elementor-2528 .elementor-element.elementor-element-808e134{--icon-box-icon-margin:11px;}.elementor-2528 .elementor-element.elementor-element-808e134 .elementor-icon-box-title{margin-bottom:2px;color:#282828;}.elementor-2528 .elementor-element.elementor-element-808e134.elementor-view-stacked .elementor-icon{background-color:#2A2A2A;}.elementor-2528 .elementor-element.elementor-element-808e134.elementor-view-framed .elementor-icon, .elementor-2528 .elementor-element.elementor-element-808e134.elementor-view-default .elementor-icon{fill:#2A2A2A;color:#2A2A2A;border-color:#2A2A2A;}.elementor-2528 .elementor-element.elementor-element-808e134 .elementor-icon{font-size:20px;}.elementor-2528 .elementor-element.elementor-element-808e134 .elementor-icon-box-title, .elementor-2528 .elementor-element.elementor-element-808e134 .elementor-icon-box-title a{font-family:\"Poppins\", Sans-serif;font-size:14px;font-weight:700;line-height:1em;}.elementor-2528 .elementor-element.elementor-element-808e134 .elementor-icon-box-description{color:#333333;font-family:\"Poppins\", Sans-serif;font-size:10px;letter-spacing:0px;}.elementor-widget-divider{--divider-color:var( --e-global-color-secondary );}.elementor-widget-divider .elementor-divider__text{color:var( --e-global-color-secondary );font-family:var( --e-global-typography-secondary-font-family ), Sans-serif;font-weight:var( --e-global-typography-secondary-font-weight );}.elementor-widget-divider.elementor-view-stacked .elementor-icon{background-color:var( --e-global-color-secondary );}.elementor-widget-divider.elementor-view-framed .elementor-icon, .elementor-widget-divider.elementor-view-default .elementor-icon{color:var( --e-global-color-secondary );border-color:var( --e-global-color-secondary );}.elementor-widget-divider.elementor-view-framed .elementor-icon, .elementor-widget-divider.elementor-view-default .elementor-icon svg{fill:var( --e-global-color-secondary );}.elementor-2528 .elementor-element.elementor-element-c997b6f{--divider-border-style:solid;--divider-color:var( --e-global-color-6787ff89 );--divider-border-width:5px;}.elementor-2528 .elementor-element.elementor-element-c997b6f > .elementor-widget-container{padding:0px 0px 0px 22px;}.elementor-2528 .elementor-element.elementor-element-c997b6f .elementor-divider-separator{width:25px;}.elementor-2528 .elementor-element.elementor-element-c997b6f .elementor-divider{padding-block-start:5px;padding-block-end:5px;}.elementor-2528 .elementor-element.elementor-element-db623cf{--spacer-size:5px;}.jet-listing-item.single-jet-engine.elementor-page-2528 > .elementor{width:812px;margin-left:auto;margin-right:auto;}@media(max-width:1024px){.elementor-2528 .elementor-element.elementor-element-530f93d{--padding-top:10px;--padding-bottom:10px;--padding-left:20px;--padding-right:20px;}}@media(max-width:767px){.elementor-2528 .elementor-element.elementor-element-530f93d{--padding-top:10px;--padding-bottom:10px;--padding-left:30px;--padding-right:30px;}}<\/style><div class=\"jet-listing-grid__item jet-listing-dynamic-post-1629\" data-post-id=\"1629\" >\t\t<div data-elementor-type=\"jet-listing-items\" data-elementor-id=\"2528\" class=\"elementor elementor-2528\" data-elementor-post-type=\"jet-engine\">\n\t\t\t\t<a class=\"elementor-element elementor-element-835f69b e-flex e-con-boxed e-con e-parent\" data-id=\"835f69b\" data-element_type=\"container\" href=\"https:\/\/www.redis.cl\/index.php\/proyectos\/proyecto-mecesup-uva-0709\/\">\n\t\t\t\t\t<div class=\"e-con-inner\">\n\t\t<div class=\"elementor-element elementor-element-530f93d e-con-full e-flex e-con e-child\" data-id=\"530f93d\" data-element_type=\"container\">\n\t\t\t\t<div class=\"elementor-element elementor-element-808e134 elementor-position-left elementor-view-default elementor-mobile-position-top elementor-vertical-align-top elementor-widget elementor-widget-icon-box\" data-id=\"808e134\" data-element_type=\"widget\" data-widget_type=\"icon-box.default\">\n\t\t\t\t<div class=\"elementor-widget-container\">\n\t\t\t\t\t<div class=\"elementor-icon-box-wrapper\">\n\n\t\t\t\t\t\t<div class=\"elementor-icon-box-icon\">\n\t\t\t\t<span  class=\"elementor-icon elementor-animation-\">\n\t\t\t\t<i aria-hidden=\"true\" class=\"far fa-file-powerpoint\"><\/i>\t\t\t\t<\/span>\n\t\t\t<\/div>\n\t\t\t\n\t\t\t\t\t\t<div class=\"elementor-icon-box-content\">\n\n\t\t\t\t\t\t\t\t\t<p class=\"elementor-icon-box-title\">\n\t\t\t\t\t\t<span  >\n\t\t\t\t\t\t\tMECESUP UVA 0709\t\t\t\t\t\t<\/span>\n\t\t\t\t\t<\/p>\n\t\t\t\t\n\t\t\t\t\t\t\t\t\t<p class=\"elementor-icon-box-description\">\n\t\t\t\t\t\t<p><em>\u201cArmonizaci\u00f3n de una propuesta curricular basal para la formaci\u00f3n de dise\u00f1adores profesionales universitarios basada en competencias de la Red de Escuelas de Dise\u00f1o pertenecientes al Consejo de Rectores de las Universidades Chilenas, RED-CRUCH<\/em>\u201d,<\/p>\n\t\t\t\t\t<\/p>\n\t\t\t\t\n\t\t\t<\/div>\n\t\t\t\n\t\t<\/div>\n\t\t\t\t<\/div>\n\t\t\t\t<\/div>\n\t\t\t\t<div class=\"elementor-element elementor-element-c997b6f elementor-hidden-desktop elementor-hidden-tablet elementor-hidden-phone elementor-widget-divider--view-line elementor-widget elementor-widget-divider\" data-id=\"c997b6f\" data-element_type=\"widget\" data-widget_type=\"divider.default\">\n\t\t\t\t<div class=\"elementor-widget-container\">\n\t\t\t\t\t<div class=\"elementor-divider\">\n\t\t\t<span class=\"elementor-divider-separator\">\n\t\t\t\t\t\t<\/span>\n\t\t<\/div>\n\t\t\t\t<\/div>\n\t\t\t\t<\/div>\n\t\t\t\t<div class=\"elementor-element elementor-element-db623cf elementor-widget elementor-widget-spacer\" data-id=\"db623cf\" data-element_type=\"widget\" data-widget_type=\"spacer.default\">\n\t\t\t\t<div class=\"elementor-widget-container\">\n\t\t\t\t\t<div class=\"elementor-spacer\">\n\t\t\t<div class=\"elementor-spacer-inner\"><\/div>\n\t\t<\/div>\n\t\t\t\t<\/div>\n\t\t\t\t<\/div>\n\t\t\t\t<\/div>\n\t\t\t\t\t<\/div>\n\t\t\t\t<\/a>\n\t\t\t\t<\/div>\n\t\t<\/div><\/div><\/div>\t\t<\/div>\n\t\t\t\t<\/div>\n\t\t\t\t\t<\/div>\n\t\t<\/div>\n\t\t\t\t\t<\/div>\n\t\t<\/section>\n\t\t\t\t<\/div>\n\t\t\n","protected":false},"excerpt":{"rendered":"","protected":false},"author":1,"featured_media":96,"parent":0,"menu_order":0,"comment_status":"closed","ping_status":"closed","template":"","meta":{"_acf_changed":false,"footnotes":""},"class_list":["post-2458","page","type-page","status-publish","has-post-thumbnail","hentry"],"acf":[],"_links":{"self":[{"href":"https:\/\/www.redis.cl\/index.php\/wp-json\/wp\/v2\/pages\/2458","targetHints":{"allow":["GET"]}}],"collection":[{"href":"https:\/\/www.redis.cl\/index.php\/wp-json\/wp\/v2\/pages"}],"about":[{"href":"https:\/\/www.redis.cl\/index.php\/wp-json\/wp\/v2\/types\/page"}],"author":[{"embeddable":true,"href":"https:\/\/www.redis.cl\/index.php\/wp-json\/wp\/v2\/users\/1"}],"replies":[{"embeddable":true,"href":"https:\/\/www.redis.cl\/index.php\/wp-json\/wp\/v2\/comments?post=2458"}],"version-history":[{"count":4,"href":"https:\/\/www.redis.cl\/index.php\/wp-json\/wp\/v2\/pages\/2458\/revisions"}],"predecessor-version":[{"id":3063,"href":"https:\/\/www.redis.cl\/index.php\/wp-json\/wp\/v2\/pages\/2458\/revisions\/3063"}],"wp:featuredmedia":[{"embeddable":true,"href":"https:\/\/www.redis.cl\/index.php\/wp-json\/wp\/v2\/media\/96"}],"wp:attachment":[{"href":"https:\/\/www.redis.cl\/index.php\/wp-json\/wp\/v2\/media?parent=2458"}],"curies":[{"name":"wp","href":"https:\/\/api.w.org\/{rel}","templated":true}]}}